- 5. Suppose 13*w + 25*w = 152. Calculate f(w).
55
Suppose 0 = 4*d - 25 - 579. Suppose 61 = 31*b - 1. Let z(n) = -d*n + 2 - b + 143*n. Give z(-1).
8
Let u = -4576 + 4573. Let p(t) = -32*t - 6. Calculate p(u).
90
Let z(c) be the third derivative of c**5/30 + c**4/3 + 3*c**3/2 - 44*c**2. Let x = 963 - 967. Give z(x).
9
Let m(x) = -x**2 + 3*x + 4. Suppose 0 = 3*g + 8 - 26. Let p be g/10 + (-8)/(-20). Let z be 4 - 1 - (p + -3). What is m(z)?
-6
Let z(v) be the first derivative of 29*v**2/2 - 28*v + 12091. Determine z(4).
88
Let p(o) = 12*o**3 - 2*o**2 - o - 1. Let s be p(2). Let q(h) = -s + 48 + 44 - 7*h + h**2. Determine q(6).
1
Let v(y) = 17 + 2*y - 246900088*y**2 - y + 246900053*y**2. Calculate v(0).
17
Let s(c) = c**3 - 4*c**2 + c. Let d = 41 + -35. Let a = d - 3. Suppose 2*h + 0*h - 20 = a*r, 4*r + 24 = 2*h. Determine s(h).
4
Suppose 2*q - 54 = -46. Suppose -q*p - 5*j - 22 = 0, 0*j - 26 = 4*p + 3*j. Let d(m) = -m**3 - 8*m**2 + 3*m + 12. What is d(p)?
-12
Let u(k) be the first derivative of -k**4/4 - 28*k**3/3 - 51*k**2/2 + 25*k - 120. Let z be u(-26). Let b(l) = -4 + 3*l**3 + 1 + 4 + 2*l. Determine b(z).
-4
Let t be -4*((-14)/4 - -3). Let g(f) be the second derivative of f**3/6 - 2*f**2 - 19*f - 6. Give g(t).
-2
Let w be (-3 + 33/6)/(6/12). Let n(p) = 6*p + 4*p**2 - 3*p**3 + 7*p**3 - w*p**3 - 1. Let d be (1 - 0)/(1/5). What is n(d)?
4
Let d(q) = -q**2 + 7*q + 8. Let x = -617 - -622. Suppose x*y - 14 = -i + 2, -y = -2. Give d(i).
14
Let c be (-38528)/126 + (4/18)/(-1). Let k = 176 + c. Let x = k + 136. Let w(t) = 3*t - 6. Determine w(x).
12
Let z(u) = -4 - 62*u**2 - 65*u**2 - 29*u + 154*u**2 - 12*u - 30*u**2. Calculate z(-14).
-18
Let n(p) = 29*p - 45. Let l(s) = 6*s - 3. Let b(g) = -2*l(g) + n(g). Calculate b(2).
-5
Let x(f) = 5. Let v(s) = -s**2 + 4. Let a(p) = -4*v(p) + 3*x(p). Let b(c) = c**3 - 21*c**2 + 2*c - 44. Let t be b(21). Determine a(t).
15
Let d(u) = 7*u**2 + 8*u + 5. Let x(i) = 3*i**2 + 4*i + 2. Let a(p) = 2*d(p) - 5*x(p). Suppose 112*k + 36*k + 550 + 42 = 0. Give a(k).
0
Let o(q) be the third derivative of 9*q**2 + 0 + 3*q + 1/3*q**3 + 1/12*q**4. Determine o(-3).
-4
Let p(x) = -18*x - 7. Let f(k) = -9*k - 6. Let v(o) = -3*f(o) + 2*p(o). Determine v(2).
-14
Let n(j) = 1 - 320*j + 2 + 0 + 162*j + 161*j. Suppose 2*s + 20 = -2*s. Determine n(s).
-12
Let g(s) = s**2 + 5*s + 10. Let r(o) = o**2 + 35*o - 14*o + 9 - 17*o. Let f(d) = -3*g(d) + 4*r(d). Determine f(0).
6
Let t(i) = -8*i - 9. Let w(v) = -v**2 + 117*v - 1610. Let z be w(16). Give t(z).
-57
Let p(h) be the first derivative of h**3/6 - h**2 - 58*h + 18. Let i(o) be the first derivative of p(o). Let t = -6 - -9. Calculate i(t).
1
Let g(w) be the first derivative of w**4/12 + w**3/6 - w**2 + w + 14. Let o(a) be the first derivative of g(a). Let l = 4 + -8. What is o(l)?
10
Let x(s) = s**3 - s**2 - 193*s + 5. Let y be x(0). Let f(n) = n**2 + n. Let c(j) = -7*j**2 - 6. Let v(h) = c(h) + 6*f(h). Determine v(y).
-1
Let w be (-13 + (-2189)/(-44))*88/3. Let r be (-238)/(-22) - (-196)/w. Let s(u) = -u + 3. Determine s(r).
-8
Let n(a) = -17*a**2 - 6*a + 10. Let y(i) = -52*i**2 - 17*i + 26. Let p(q) = 8*n(q) - 3*y(q). Give p(-1).
19
Let y(p) = -1057 + 3201 - p**2 - 1067 - 2*p - 1072. Let d be ((-36)/8)/((-3)/4). Let f be (-1 - 1/(-3))*d. Calculate y(f).
-3
Let g(p) = 0 + 114*p**2 - p**3 - p - 111*p**2 - 1. Let q(k) = k**2 - k. Let m(x) = g(x) - 3*q(x). Calculate m(1).
0
Let y(l) = -4*l - 1. Suppose -48*x + 43*x = -130. Let m = x + -41. Let t be 4/(20/m) + 1. Determine y(t).
7
Suppose -6*i = -4*i - 20. Let y(x) = 3*x - 30. Let u be y(i). Let m(o) = 5*o + 48. Let z(b) = b + 10. Let f(l) = 2*m(l) - 11*z(l). Calculate f(u).
-14
Suppose -17*p + 118111 = -13*p - 3*m, 2*m + 29524 = p. Let o(z) = 2*z - z**3 + z**2 + 29515 - p - z. Determine o(0).
-15
Suppose 0 = 2*g + 6 - 60. Suppose 3*r - u - 2*u = -g, 5*r + 24 = -2*u. Let y(b) be the first derivative of b**4/4 + 2*b**3 + b**2/2 + 2*b + 94. Calculate y(r).
-4
Let k(m) = -m**2 + 44*m + 251. Let g be k(-5). Let t(i) = -i + 38. What is t(g)?
32
Suppose -3*x + 4*r - 18 + 61 = 0, -2*x + 5*r + 24 = 0. Let k(i) = i - 13. Calculate k(x).
4
Let t be 3 - 2068/(-6) - (-5)/15. Let d = -354 + t. Let i(b) be the first derivative of b**3/3 + 7*b**2/2 - b - 4. Give i(d).
-7
Let n(d) = -d**3 + 6*d**2 + 4*d - 5. Suppose 126 = 11*h - 2*h. Suppose -h*g + 39*g - 150 = 0. Give n(g).
19
Let i(u) be the first derivative of u**3/3 - 13*u**2/2 + 23*u + 1104. What is i(5)?
-17
Let o(r) = 0 - 3*r**2 - r + 6*r - 3 + 14*r**2 - 22*r - r**3. Give o(7).
74
Let q = 155 - 149. Let r(i) be the first derivative of -i**3/3 + 3*i**2 - i - 50. Determine r(q).
-1
Let r(d) be the first derivative of d**4/4 - 2*d**3/3 - d**2 - 15*d + 3124. What is r(0)?
-15
Let y be (11 + 267/(-24))*((-7)/3 - -2). Let l(j) be the third derivative of -1/3*j**3 + 0*j - y*j**4 + 0 - 11*j**2. Calculate l(6).
-8
Let f = 13173 + -13136. Let p(t) = t**2 - 37*t + 5. What is p(f)?
5
Let s(r) = -4*r**3 - 16*r**2 - 21*r + 16. Let a(z) = -11*z**3 - 49*z**2 - 67*z + 44. Let w(u) = -3*a(u) + 8*s(u). Calculate w(-17).
13
Let y(w) = -6*w - 2. Let n be y(2). Let g(b) = 725*b**2 - 53*b + 44. Let i(t) = -272*t**2 + 18*t - 18. Let f(x) = 3*g(x) + 8*i(x). Give f(n).
2
Let z(x) = -5*x - 1. Suppose 0 = -5*c + 452 + 313. Let f be (-171)/c + 4/34. What is z(f)?
4
Let j(o) = 2*o**3 + 3*o**2 + 2*o. Let n be 5/20*4*(-11 + -5). Let s be (n/(-28))/(2/(-7)). Give j(s).
-8
Let r(b) = b**2 + 1. Let x(u) = 15*u**2 + 14*u + 17. Let a(p) = 8*p**2 + 8*p + 8. Let y(j) = 5*a(j) - 3*x(j). Let h(l) = 4*r(l) + y(l). Give h(-5).
-22
Let w(i) = 3 + 2 + 13*i + 3 + 4 + i**2. Let p = 564 + -574. What is w(p)?
-18
Let j(h) be the third derivative of -h**7/5040 + h**6/90 + 37*h**5/60 - 140*h**2. Let p(k) be the third derivative of j(k). Calculate p(7).
1
Let m(y) = 105*y + 947. Let l be m(-9). Let o(p) be the first derivative of p - 26 + p**l - 4/3*p**3. Determine o(2).
-11
Let w(b) = -3*b + 100. Let u be 252/441 + (3/7)/((-3)/4). Calculate w(u).
100
Let j = -322 - -329. Suppose 0 = 5*g + j*q - 2*q + 10, 4*g = -2*q - 2. Let d(c) = -6*c - 2. Determine d(g).
-8
Let u(h) = 3*h**2 + 2*h + 2. Let d(v) = -16*v**2 - 11*v - 9. Let b be (-40)/100 - (-57)/5. Let l(j) = b*u(j) + 2*d(j). Calculate l(5).
29
Let u(g) = -3*g**3 - g + 1. Let z(m) = 3*m + 23. Let j be z(-7). Suppose i + 12 = -2*i - 4*o, -2*i + 6 = -j*o. Let b be i/5 + 1 + 0. Give u(b).
-3
Let l(r) = -r**2 - 2*r - 2. Let j(u) be the third derivative of -u**5/30 - 29*u**4/24 - 27*u**3/2 + 148*u**2. Let d be j(-11). Determine l(d).
-10
Let i(a) = 10*a + 15. Let c be i(-3). Let r be 0 - -4 - 45/c. Suppose 2*k = 4*x + 28, -r*k + 10 = -2*k. Let n(p) = p + 1. Give n(x).
-5
Suppose 0 = -5*p + 5 + 5. Suppose 0 = -h - p*h + 12. Let g(s) = 287*s + 292*s + 286*s + 293*s + 2 + 287*s - 1446*s. Determine g(h).
-2
Let d = -40 + 18. Let x = -44 + 24. Let p = x - d. Let m(s) = s**3 - 2*s**2 - s - 2. What is m(p)?
-4
Let g(t) = -t + 4. Suppose 3 = 8*f - 21. Suppose 0 = f*w + 19 - 1. Determine g(w).
10
Let x(f) = -26*f - 31*f + 26 - 5 + 52*f. What is x(6)?
-9
Let m(n) be the first derivative of -2/3*n**3 - 1/2*n**2 + 0*n - 1/60*n**5 - 16 - 3/8*n**4. Let k(w) be the second derivative of m(w). Give k(-5).
16
Let j(f) = -f**2 - 5*f. Let o be j(-5). Let d be 2*(-1)/(-6)*o. Suppose d = 6*r - 3 - 3. Let u(m) = 3*m**3 - m**2 + 2*m - 1. Calculate u(r).
3
Suppose 0 = -2*d - 5*x + 8 + 13, 0 = -5*d + 2*x + 38. Let j(n) be the third derivative of n**5/60 - n**4/4 - 5*n**3/3 - 4*n**2. What is j(d)?
6
Let k(n) be the third derivative of n**5/5 + 61*n**4/24 + n**3/6 + 14560*n**2. Calculate k(-5).
-4
Suppose 0 = 92*i + 74*i - 88*i + 3432. Let u(a) = a + 19. What is u(i)?
-25
Let v(r) = -r**2 + r. Let u(q) = -7*q**2 + 14*q + 4. Let g(f) = u(f) - 6*v(f). Let y(k) = -k + 21. Let l be 6*4/(-8) - (-14 - 1). Let x be y(l). Calculate g(x).
-5
Let k(j) = -2*j - 19. Let n(l) be the third derivative of -l**4/8 - 31*l**3/6 + 23*l**2 - 2*l. Let z(h) = -8*k(h) + 5*n(h). Give z(12).
9
Suppose -p - 12 = 5*v, -2*p - 6 = -0*p + 4*v. Let g(f) = -5 + 51*f - 57*f + f**2 - p. Calculate g(6).
-8
Let f(w) be the second derivative of w**5/60 - 5*w**4/12 - w**3/2 + 47*w**2/2 - 14*w + 1. Let t(o) be the first derivative of f(o). What is t(7)?
-24
Let w(c) =